{"id":2,"date":"2024-06-17T12:10:30","date_gmt":"2024-06-17T10:10:30","guid":{"rendered":"https:\/\/elsat.net\/?page_id=2"},"modified":"2025-10-31T12:26:04","modified_gmt":"2025-10-31T11:26:04","slug":"przykladowa-strona","status":"publish","type":"page","link":"https:\/\/mmpbiznes.pl\/?page_id=2","title":{"rendered":"Dane Kontaktowe"},"content":{"rendered":"\n<p><\/p>\n\n\n\n<figure class=\"wp-block-table\"><table><tbody><tr><td class=\"has-text-align-center\" data-align=\"center\"><strong>Firma<\/strong><\/td><td class=\"has-text-align-center\" data-align=\"center\"><strong>MULTIMEDIA POLSKA BIZNES SP\u00d3\u0141KA AKCYJNA<\/strong><\/td><\/tr><tr><td class=\"has-text-align-center\" data-align=\"center\">Siedziba<\/td><td class=\"has-text-align-center\" data-align=\"center\">00-667 Warszawa<br>ul. Koszykowa 61 B<\/td><\/tr><tr><td class=\"has-text-align-center\" data-align=\"center\">KRS<\/td><td class=\"has-text-align-center\" data-align=\"center\">0000324141<\/td><\/tr><tr><td class=\"has-text-align-center\" data-align=\"center\">NIP<\/td><td class=\"has-text-align-center\" data-align=\"center\">7781290722<\/td><\/tr><tr><td class=\"has-text-align-center\" data-align=\"center\"><\/td><td class=\"has-text-align-center\" data-align=\"center\"><\/td><\/tr><tr><td class=\"has-text-align-center\" data-align=\"center\">REGON<\/td><td class=\"has-text-align-center\" data-align=\"center\">630955955<\/td><\/tr><tr><td class=\"has-text-align-center\" data-align=\"center\">Kapita\u0142 zak\u0142adowy<\/td><td class=\"has-text-align-center\" data-align=\"center\">27,9\u00a0mln\u00a0z\u0142 PLN<\/td><\/tr><tr><td class=\"has-text-align-center\" data-align=\"center\">Telefon<\/td><td class=\"has-text-align-center\" data-align=\"center\"><\/td><\/tr><tr><td class=\"has-text-align-center\" data-align=\"center\">E-mail<\/td><td class=\"has-text-align-center\" data-align=\"center\"><\/td><\/tr><\/tbody><\/table><\/figure>\n","protected":false},"excerpt":{"rendered":"<p>Firma MULTIMEDIA POLSKA BIZNES SP\u00d3\u0141KA AKCYJNA Siedziba 00-667 Warszawaul. Koszykowa 61 B KRS 0000324141 NIP 7781290722 REGON 630955955 Kapita\u0142 zak\u0142adowy 27,9\u00a0mln\u00a0z\u0142 PLN Telefon E-mail<\/p>\n","protected":false},"author":1,"featured_media":0,"parent":0,"menu_order":0,"comment_status":"closed","ping_status":"open","template":"","meta":{"footnotes":""},"_links":{"self":[{"href":"https:\/\/mmpbiznes.pl\/index.php?rest_route=\/wp\/v2\/pages\/2"}],"collection":[{"href":"https:\/\/mmpbiznes.pl\/index.php?rest_route=\/wp\/v2\/pages"}],"about":[{"href":"https:\/\/mmpbiznes.pl\/index.php?rest_route=\/wp\/v2\/types\/page"}],"author":[{"embeddable":true,"href":"https:\/\/mmpbiznes.pl\/index.php?rest_route=\/wp\/v2\/users\/1"}],"replies":[{"embeddable":true,"href":"https:\/\/mmpbiznes.pl\/index.php?rest_route=%2Fwp%2Fv2%2Fcomments&post=2"}],"version-history":[{"count":8,"href":"https:\/\/mmpbiznes.pl\/index.php?rest_route=\/wp\/v2\/pages\/2\/revisions"}],"predecessor-version":[{"id":46,"href":"https:\/\/mmpbiznes.pl\/index.php?rest_route=\/wp\/v2\/pages\/2\/revisions\/46"}],"wp:attachment":[{"href":"https:\/\/mmpbiznes.pl\/index.php?rest_route=%2Fwp%2Fv2%2Fmedia&parent=2"}],"curies":[{"name":"wp","href":"https:\/\/api.w.org\/{rel}","templated":true}]}}